3
What is -15 (base 16) in base 8?
-25
Convert -23 (base 4) to base 3.
-102
Convert -1303 (base 4) to base 16.
-73
41 (base 9) to base 4
211
Convert 332 (base 8) to base 11.
189
Convert -73 (base 14) to base 6.
-245
10 (base 11) to base 2
1011
What is -3 (base 10) in base 3?
-10
32 (base 8) to base 14
1c
Convert -314 (base 5) to base 8.
-124
Convert 21 (base 14) to base 2.
11101
-100 (base 4) to base 10
-16
What is 12 (base 3) in base 16?
5
Convert 5 (base 14) to base 16.
5
-1001 (base 5) to base 8
-176
Convert -3 (base 12) to base 11.
-3
Convert 15 (base 10) to base 11.
14
What is 41 (base 5) in base 14?
17
-14 (base 7) to base 9
-12
9 (base 16) to base 4
21
Convert -1 (base 15) to base 9.
-1
Convert -3 (base 8) to base 9.
-3
What is 5 (base 14) in base 13?
5
Convert -4 (base 11) to base 6.
-4
Convert 244 (base 12) to base 10.
340
-12 (base 3) to base 14
-5
What is 0 (base 9) in base 2?
0
-125 (base 6) to base 11
-49
Convert -7b (base 15) to base 3.
-11022
5 (base 15) to base 3
12
Convert -15 (base 7) to base 8.
-14
3b (base 12) to base 2
101111
-1 (base 5) to base 2
-1
131 (base 4) to base 7
41
What is 4 (base 5) in base 7?
4
Convert -24 (base 12) to base 16.
-1c
1 (base 12) to base 2
1
What is -1 (base 15) in base 8?
-1
-1 (base 13) to base 8
-1
-1433 (base 5) to base 3
-100000
What is 5 (base 14) in base 5?
10
Convert -1 (base 12) to base 3.
-1
Convert 61 (base 13) to base 2.
1001111
-3 (base 8) to base 12
-3
Convert -2 (base 10) to base 6.
-2
What is -1a (base 12) in base 15?
-17
-3 (base 10) to base 11
-3
20 (base 11) to base 9
24
602 (base 7) to base 2
100101000
Convert -40 (base 5) to base 12.
-18
What is -26 (base 8) in base 6?
-34
What is -c (base 14) in base 12?
-10
Convert 1e (base 16) to base 3.
1010
Convert 159 (base 10) to base 6.
423
What is 12 (base 3) in base 6?
5
Convert 1 (base 7) to base 15.
1
What is 9 (base 12) in base 15?
9
What is -333 (base 5) in base 16?
-5d
Convert 25 (base 12) to base 6.
45
-7 (base 14) to base 11
-7
Convert -e (base 15) to base 2.
-1110
What is 96 (base 15) in base 7?
261
4a (base 12) to base 8
72
Convert 30 (base 16) to base 5.
143
What is -11 (base 3) in base 9?
-4
-76 (base 9) to base 12
-59
Convert -5 (base 14) to base 6.
-5
Convert 7 (base 12) to base 14.
7
What is -1020 (base 3) in base 4?
-201
0 (base 14) to base 10
0
-36 (base 8) to base 10
-30
What is -1221 (base 3) in base 15?
-37
Convert 110 (base 7) to base 12.
48
0 (base 13) to base 9
0
What is 20110 (base 3) in base 8?
256
-1011110 (base 2) to base 8
-136
111011 (base 2) to base 6
135
-64 (base 15) to base 6
-234
Convert -2b (base 16) to base 12.
-37
What is 11 (base 7) in base 8?
10
What is -10 (base 12) in base 7?
-15
Convert 1110110 (base 2) to base 6.
314
What is -10 (base 3) in base 5?
-3
Convert -1413 (base 5) to base 12.
-175
What is -133 (base 4) in base 15?
-21
Convert 153 (base 6) to base 16.
45
What is -3 (base 15) in base 2?
-11
What is 83 (base 11) in base 4?
1123
Convert 153 (base 6) to base 12.
59
-133 (base 4) to base 16
-1f
Convert 0 (base 12) to base 16.
0
-20 (base 3) to base 9
-6
Convert 24 (base 6) to base 16.
10
What is -17 (base 11) in base 2?
-10010
-b (base 13) to base 6
-15
Convert 32 (base 9) to base 12.
25
-121 (base 6) to base 13
-3a
What is -210 (base 3) in base 12?
-19
What is -14 (base 12) in base 8?
-20
Convert -2 (base 6) to base 10.
-2
Convert 0 (base 9) to base 7.
0
Convert 14 (base 11) to base 13.
12
-11 (base 3) to base 5
-4
What is 3 (base 10) in base 2?
11
Convert 2 (base 7) to base 11.
2
Convert 41 (base 13) to base 16.
35
What is -a (base 11) in base 3?
-101
Convert -18 (base 9) to base 11.
-16
Convert -1112 (base 3) to base 16.
-29
e6 (base 15) to base 4
3120
Convert -68 (base 10) to base 2.
-1000100
Convert -534 (base 6) to base 12.
-14a
What is 12 (base 8) in base 10?
10
-320 (base 7) to base 6
-425
-2 (base 11) to base 9
-2
Convert 2 (base 16) to base 10.
2
6 (base 12) to base 2
110
Convert 12 (base 16) to base 13.
15
0 (base 12) to base 3
0
What is 8 (base 11) in base 5?
13
-1 (base 6) to base 4
-1
Convert -100110 (base 2) to base 10.
-38
Convert 100 (base 7) to base 14.
37
What is 1 (base 3) in base 6?
1
What is 11 (base 11) in base 5?
22
Convert 1120 (base 4) to base 10.
88
-4 (base 7) to base 4
-10
-1001 (base 2) to base 10
-9
2210 (base 3) to base 9
83
What is 0 (base 12) in base 16?
0
What is 5 (base 12) in base 16?
5
Convert 141 (base 6) to base 3.
2021
What is 3 (base 7) in base 3?
10
What is -1 (base 8) in base 6?
-1
24 (base 10) to base 6
40
1 (base 2) to base 16
1
-12 (base 16) to base 12
-16
2 (base 11) to base 3
2
Convert 13 (base 13) to base 5.
31
-194 (base 13) to base 8
-442
-26 (base 7) to base 5
-40
-2 (base 12) to base 5
-2
What is -1000 (base 3) in base 16?
-1b
Convert -2 (base 5) to base 7.
-2
Convert -15 (base 6) to base 8.
-13
111 (base 3) to base 9
14
What is -11 (base 10) in base 6?
-15
Convert -4 (base 6) to base 13.
-4
Convert -9 (base 11) to base 12.
-9
Convert 5 (base 12) to base 3.
12
41 (base 10) to base 3
1112
What is -3 (base 5) in base 13?
-3
0 (base 13) to base 6
0
-10110000 (base 2) to base 3
-20112
Convert 2 (base 10) to base 4.
2
Convert 1 (base 15) to base 3.
1
3 (base 11) to base 14
3
What is -2 (base 10) in base 4?
-2
What is -88 (base 11) in base 7?
-165
Convert -133 (base 4) to base 15.
-21
What is -1 (base 2) in base 10?
-1
Convert -11 (base 6) to base 7.
-10
What is -3 (base 7) in base 12?
-3
-11 (base 7) to base 16
-8
Convert -12 (base 4) to base 11.
-6
What is -a (base 13) in base 5?
-20
-21 (base 12) to base 8
-31
What is -2 (base 9) in base 14?
-2
What is 3 (base 12) in base 8?
3
-1 (base 7) to base 6
-1
Convert -278 (base 9) to base 16.
-e9
2 (base 13) to base 3
2
Convert -3 (base 12) to base 5.
-3
1010 (base 2) to base 3
101
Convert -b (base 15) to base 9.
-12
Convert -7 (base 15) to base 16.
-7
What is 1320 (base 4) in base 8?
170
What is -1 (base 15) in base 7?
-1
What is 100 (base 2) in base 12?
4
-3 (base 9) to base 11
-3
What is 202 (base 11) in base 12?
184
-187 (base 9) to base 2
-10100000
8 (base 15) to base 9
8
What is 11 (base 2) in base 7?
3
What is 1010 (base 2) in base 11?
a
Convert -12 (base 7) to base 10.
-9
-9 (base 16) to base 13
-9
What is -4 (base 6) in base 12?
-4
What is -1 (base 8) in base 11?
-1
What is 12 (base 3) in base 13?
5
311 (base 6) to base 16
73
Convert -1 (base 2) to base 13.
-1
Convert -213 (base 9) to base 13.
-105
Convert 6 (base 8) to base 14.
6
Convert 1102 (base 3) to base 9.
42
Convert 1 (base 8) to base 14.
1
1 (base 12) to base 14
1
10a (base 11) to base 2
10000011
Convert 187 (base 16) to base 14.
1dd
What is 8 (base 14) in base 15?
8
Convert 4 (base 8) to base 16.
4
0 (base 14) to base 15
0
What is 4 (base 12) in base 3?
11
What is 134 (base 6) in base 10?
58
64 (base 8) to base 4
310
What is -100000 (base 2) in base 14?
-24
-24 (base 8) to base 13
-17
Convert -5 (base 16) to base 5.
-10
117 (base 11) to base 16
8b
-89 (base 14) to base 16
-79
Convert -65 (base 10) to base 13.
-50
Convert -10 (base 11) to base 8.
-13
Convert 11 (base 4) to base 14.
5
Convert 2 (base 13) to base 5.
2
36 (base 10) to base 14
28
Convert -11 (base 3) to base 12.
-4
1 (base 11) to base 6
1
-1 (base 11) to base 16
-1
-19 (base 14) to base 8
-27
What is -4e (base 15) in base 6?
-202
-1022 (base 5) to base 8
-211
Convert 11 (base 7) to base 10.
8
What is -421 (base 5) in base 15?
-76
Convert 1 (base 9) to base 11.
1
1000 (base 2) to base 3
22
-8 (base 9) to base 10
-8
What is 3 (base 12) in base 8?
3
Convert -151 (base 6) to base 9.
-74
What is 521 (base 6) in base 14?
db
What is -49 (base 11) in base 3?
-1222
What is -53 (base 14) in base 12?
-61
-15 (base 12) to base 10
-17
Convert -16 (base 13) to base 8.
-23
Convert 12 (base 7) to base 2.
1001
-d (base 14) to base 6
-21
Convert -11310 (base 4) to base 7.
-1041
Convert 70 (base 12) to base 6.
220
-3 (base 4) to base 14
-3
-47 (base 14) to base 4
-333
3 (base 9) to base 13
3
1 (base 5) to base 9
1
What is -3 (base 7) in base 13?
-3
Convert -10 (base 10) to base 4.
-22
What is 10200 (base 4) in base 9?
350
2 (base 11) to base 8
2
6 (base 16) to base 9
6
-18 (base 11) to base 13
-16
What is 12 (base 3) in base 7?
5
Convert -554 (base 7) to base 4.
-10130
Convert 0